{"id":346,"date":"2020-05-08T09:55:20","date_gmt":"2020-05-08T07:55:20","guid":{"rendered":"http:\/\/bubelartesa.com\/?post_type=product&#038;p=346"},"modified":"2025-07-20T09:32:05","modified_gmt":"2025-07-20T07:32:05","slug":"cervexa-bubela-moura-eco-artesanal","status":"publish","type":"product","link":"http:\/\/bubela.gal\/castellano\/producto\/cervexa-bubela-moura-eco-artesanal","title":{"rendered":"Cerveza Bubela Moura Eco Artesanal"},"content":{"rendered":"<p>Cerveza <a href=\"https:\/\/bubela.gal\/cervexas-eco-bubela\">Bubela<\/a> Moura Eco Artesanal<\/p>\n<p>Estilo Porter, una negra muy english.<\/p>\n<p>Elaborada con 4 maltas, todas de cebada, y tres de ellas muy tostadas, lo que le confiere color azabache, sabor maltoso con perfiles a cacao y caf\u00e9. Le a\u00f1adimos 2 l\u00fapulos para darle un justo equilibrio al dulce predominante.<\/p>\n<p>Una de nuestras cl\u00e1sicas, de la que siempre presumimos<\/p>\n<p><a href=\"https:\/\/agacal.xunta.gal\/es\/calidad-alimentaria\/artesania-alimentaria\">Cerveza artesanal:<\/a> elaborada sin prisas para degustarla con calma.<\/p>\n<p><a href=\"https:\/\/www.craega.es\/o-selo\/#o-selo\">Cerveza ecol\u00f3gica:<\/a> con los mejores ingredientes de origen org\u00e1nico, cultivados sin agrot\u00f3xicos.<\/p>\n<p>Sin pasteurizar, libre de sulfitos y todo tipo de aditivos artificiales.<\/p>\n<p>Cerveza, nada m\u00e1s y nada menos.<\/p>\n<p>6,5% vol alcohol<\/p>\n<p>46,94Kcal\/100ml (196,5Kjul\/100ml)<\/p>\n<p>100% disfrute.<\/p>","protected":false},"excerpt":{"rendered":"<p>Cerveza Bubela Moura Eco Artesanal.<\/p>\n<p>Estilo Porter, una negra muy english.<\/p>\n<p>Elaborada con 4 maltas, todas de cebada, y tres de ellas muy tostadas, lo que le confiere color azabache, sabor maltoso con perfiles a cacao y caf\u00e9. Le a\u00f1adimos 2 l\u00fapulos para darle un justo equilibrio al dulce predominante.<\/p>\n<p>6,5% vol.<\/p>","protected":false},"featured_media":1357,"comment_status":"open","ping_status":"closed","template":"","meta":{"neve_meta_sidebar":"","neve_meta_container":"","neve_meta_enable_content_width":"off","neve_meta_content_width":70,"neve_meta_title_alignment":"","neve_meta_author_avatar":"","neve_post_elements_order":"","neve_meta_disable_header":"","neve_meta_disable_footer":"","neve_meta_disable_title":"","_themeisle_gutenberg_block_has_review":false},"product_brand":[],"product_cat":[37],"product_tag":[],"class_list":{"0":"post-346","1":"product","2":"type-product","3":"status-publish","4":"has-post-thumbnail","6":"product_cat-cervexas-eco-artesanais","8":"first","9":"instock","10":"taxable","11":"shipping-taxable","12":"purchasable","13":"product-type-simple"},"jetpack_sharing_enabled":true,"_links":{"self":[{"href":"http:\/\/bubela.gal\/castellano\/wp-json\/wp\/v2\/product\/346","targetHints":{"allow":["GET"]}}],"collection":[{"href":"http:\/\/bubela.gal\/castellano\/wp-json\/wp\/v2\/product"}],"about":[{"href":"http:\/\/bubela.gal\/castellano\/wp-json\/wp\/v2\/types\/product"}],"replies":[{"embeddable":true,"href":"http:\/\/bubela.gal\/castellano\/wp-json\/wp\/v2\/comments?post=346"}],"version-history":[{"count":4,"href":"http:\/\/bubela.gal\/castellano\/wp-json\/wp\/v2\/product\/346\/revisions"}],"predecessor-version":[{"id":1658,"href":"http:\/\/bubela.gal\/castellano\/wp-json\/wp\/v2\/product\/346\/revisions\/1658"}],"wp:featuredmedia":[{"embeddable":true,"href":"http:\/\/bubela.gal\/castellano\/wp-json\/wp\/v2\/media\/1357"}],"wp:attachment":[{"href":"http:\/\/bubela.gal\/castellano\/wp-json\/wp\/v2\/media?parent=346"}],"wp:term":[{"taxonomy":"product_brand","embeddable":true,"href":"http:\/\/bubela.gal\/castellano\/wp-json\/wp\/v2\/product_brand?post=346"},{"taxonomy":"product_cat","embeddable":true,"href":"http:\/\/bubela.gal\/castellano\/wp-json\/wp\/v2\/product_cat?post=346"},{"taxonomy":"product_tag","embeddable":true,"href":"http:\/\/bubela.gal\/castellano\/wp-json\/wp\/v2\/product_tag?post=346"}],"curies":[{"name":"wp","href":"https:\/\/api.w.org\/{rel}","templated":true}]}}